*f + 42402. Give q(2).
2
Let h(t) = 161*t + 2300. What is h(-16)?
-276
Let h(d) = -14857*d + 44177. Give h(3).
-394
Let b(f) = 122*f + 4465. What is b(-32)?
561
Let h(d) = 49*d**2 + 1488*d - 35322. What is h(-46)?
-86
Let i(l) = -6*l**2 - 32*l - 64. Determine i(5).
-374
Let j(w) = 145*w**3 - 577*w**2 - 9*w - 17. Determine j(4).
-5
Let u(x) = x**3 - 6*x**2 - 320*x + 62. Determine u(-14).
622
Let m(y) = 13*y**3 + 2069*y**2 + 345*y + 4297. Calculate m(-159).
4
Let y(p) = 618*p**3 - 14215*p**2 + 27*p - 83. Determine y(23).
9
Let c(d) = d**3 - 21*d**2 - 138*d + 51. What is c(27)?
699
Let h(r) = 2035*r - 44. Determine h(0).
-44
Let n(w) = -2*w**3 - 16860*w**2 - 33711*w + 4. Give n(-2).
2
Let w(d) = -36*d**2 + 4314*d - 8486. Give w(2).
-2
Let p(c) = c**3 - 36*c**2 - 60*c - 2657. Determine p(38).
-2049
Let z(s) = -s**2 - 10739*s - 1106044. Calculate z(-104).
-4
Let n(a) = -51317*a - 923712. Determine n(-18).
-6
Let o(n) = 8*n**2 + 13*n - 546. Determine o(-11).
279
Let r(q) = 81*q**2 - 812*q + 849. Determine r(9).
102
Let i(w) = -w**3 + 93*w**2 + 1255*w + 174. Calculate i(105).
-351
Let q(p) = -4*p**3 + 60*p**2 + 11214*p - 323. Give q(-46).
137
Let t(v) = 2444*v**2 + 16950*v - 1112. Determine t(-7).
-6
Let d(g) = 1114*g + 134891. Determine d(-121).
97
Let a(f) = -276*f**2 - 13247*f + 78. What is a(-48)?
30
Let d(j) = -41*j**2 + 2003*j + 48. Calculate d(49).
-246
Let z(l) = l**2 - 17719*l + 194644. Calculate z(11).
-144
Let d(s) = -190*s**2 - 1807*s - 21. Calculate d(-9).
852
Let q(m) = 1491*m**2 + 28421*m + 1747. Give q(-19).
-1
Let i(z) = -68*z**2 - 1706*z - 8519. Give i(-5).
-1689
Let y(h) = -1117951*h - 4471798. Calculate y(-4).
6
Let z(j) = 949*j + 429. Give z(-3).
-2418
Let k(f) = -f**3 + 21*f**2 + 6202*f - 130241. Determine k(21).
1
Let l(w) = w**3 + 76*w**2 + 1283*w - 147. Give l(-51).
-555
Let s(d) = 27*d**2 - 95*d + 6. What is s(3)?
-36
Let q(n) = 19288*n + 57844. Determine q(-3).
-20
Let n(b) = 2230*b - 205280. Give n(92).
-120
Let m(l) = 1225*l**3 + 27*l**2 - 28*l - 1. Give m(1).
1223
Let f(s) = 6*s**2 - 2646*s + 10509. Give f(4).
21
Let m(f) = -2*f**2 + 1127*f - 158089. Give m(265).
116
Let y(h) = -2*h**3 + 492*h**2 - 1068*h + 141614. What is y(245)?
4
Let f(s) = -2*s**3 - 2509*s**2 + 15131*s + 12. What is f(6)?
42
Let r(h) = -6625*h - 198756. Determine r(-30).
-6
Let n(g) = 59659*g + 1193292. Calculate n(-20).
112
Let w(l) = -1030*l**2 - 11327*l + 13. Give w(-11).
-20
Let q(g) = 7*g**2 + 32*g - 5. Give q(3).
154
Let b(j) = -j**2 - 134*j + 116. Give b(-135).
-19
Let l(u) = 5*u**3 - 17*u**2 + 161*u - 250. Give l(9).
3467
Let a(w) = 2*w**2 - 845*w + 58878. Calculate a(88).
6
Let y(l) = -1002813*l + 5014063. Calculate y(5).
-2
Let c(l) = 2*l**3 - 598*l**2 + 1202*l + 4. What is c(2)?
32
Let p(b) = b**3 + 62*b**2 - 453*b - 12315. Determine p(-66).
159
Let u(n) = n**3 - 2*n**2 + 65*n + 35. What is u(9)?
1187
Let c(n) = 2*n**3 - 8*n**2 + 416*n - 4198. Calculate c(10).
1162
Let o(m) = -10479*m + 429630. What is o(41)?
-9
Let s(h) = -45*h**3 + 8*h**2 - 57*h - 64. Determine s(-1).
46
Let h(j) = -j**3 - 27*j**2 + 79*j + 54. Calculate h(6).
-660
Let s(n) = 39*n**2 + 403*n + 399. What is s(-7)?
-511
Let y(n) = n**2 - 8*n - 1245. Determine y(-48).
1443
Let r(j) = -3*j**2 - 322*j + 3025. Calculate r(-116).
9
Let p(g) = 215*g - 72393. What is p(346)?
1997
Let r(g) = 5*g**3 - 304*g**2 + 262*g - 19693. What is r(61)?
10
Let y(t) = -3*t**3 + 53*t**2 + 61*t + 191. Determine y(18).
965
Let h(d) = -4*d**2 - 101*d + 62. Determine h(-31).
-651
Let a(g) = 2*g**3 + 253*g**2 + 22*g + 18945. Give a(-127).
22
Let m(w) = 22*w**3 + 130*w**2 + 16*w + 57. Give m(-6).
-111
Let k(a) = -a**3 + 5066*a**2 - 25275*a - 150. Give k(5).
0
Let c(s) = -5301*s - 1659243. Give c(-313).
-30
Let b(w) = 5*w**3 - 2056*w**2 + 10281*w - 24. Give b(5).
606
Let m(n) = 10782565*n + 21565131. Determine m(-2).
1
Let v(m) = -80*m**3 + 17*m**2 + 26*m - 42. Determine v(1).
-79
Let f(g) = -3*g**2 + 13364*g - 93405. What is f(7)?
-4
Let t(y) = 22*y**2 + 20*y - 100. Determine t(4).
332
Let y(h) = -15499*h - 325504. Calculate y(-21).
-25
Let m(k) = 85*k**2 - 474*k + 528. Give m(4).
-8
Let h(b) = -3*b**2 - 1900*b + 23273. What is h(12)?
41
Let i(d) = d**3 + 214*d**2 - 7590*d + 1075. Determine i(-245).
-150
Let x(z) = -4306*z - 22326. Calculate x(-5).
-796
Let l(c) = -c**3 - 82*c**2 + 13451*c + 486. Give l(-164).
-6
Let j(i) = 3*i**3 - 6*i**2 + 636*i - 1252. What is j(2)?
20
Let p(v) = -27086*v + 1841827. What is p(68)?
-21
Let k(i) = -i**2 - 402*i + 20692. Determine k(46).
84
Let f(p) = 1980*p - 55473. Determine f(28).
-33
Let m(y) = 4*y**2 + 1045*y - 6851. Calculate m(-266).
-1797
Let c(o) = o**3 - 76*o**2 - 681*o + 509. What is c(84)?
-247
Let y(h) = 21*h**3 - 341*h**2 - 43*h + 91. What is y(16)?
-1877
Let b(h) = -22308*h - 3301583. Determine b(-148).
1
Let v(y) = 1113*y + 7308. Determine v(-3).
3969
Let b(h) = -14*h**2 - h + 19. Determine b(-6).
-479
Let v(m) = -11*m**2 + 37815*m + 75626. Give v(-2).
-48
Let i(o) = 4*o**3 + 1562*o**2 - 779*o + 1078. Calculate i(-391).
-95
Let f(c) = 881*c + 21317. What is f(-26)?
-1589
Let c(h) = -h**3 + 1146*h**2 + 25920*h - 261636. Calculate c(1168).
-4
Let s(p) = 3*p**3 + 174*p**2 - 1761*p - 443. Calculate s(9).
-11
Let n(w) = -142*w**3 - 15*w**2 + 167*w - 371. Calculate n(3).
-3839
Let s(w) = -w**3 - 108*w**2 - 1616*w + 248. Calculate s(-90).
-112
Let p(v) = -14*v**3 - 10*v**2 + 3170*v + 6331. Give p(-2).
63
Let t(m) = 275*m - 7478. Determine t(27).
-53
Let h(b) = -2*b**3 - 137*b**2 - 62*b + 217. Calculate h(-68).
-191
Let g(b) = 1370*b - 4091. What is g(3)?
19
Let m(s) = s**3 - 98*s**2 + 795*s + 532. Calculate m(89).
-2
Let f(x) = -17*x**2 + 1956*x - 11823. What is f(6)?
-699
Let i(t) = -t**3 - 272*t**2 + 287*t + 6176. Calculate i(-273).
2354
Let y(w) = -244*w**2 - 4887*w - 145. Determine y(-20).
-5
Let z(i) = 585*i - 7767. What is z(11)?
-1332
Let g(c) = 3*c**2 - 40*c - 259. Calculate g(-5).
16
Let u(i) = 143*i**2 - 2024*i + 2159. Determine u(13).
14
Let i(c) = -c**3 - 643*c**2 + 14645*c - 325. Determine i(22).
5
Let i(l) = 21*l + 354. Give i(-32).
-318
Let c(x) = 1515*x - 7174. What is c(5)?
401
Let g(i) = -6888*i - 55088. Calculate g(-8).
16
Let v(k) = -14*k**2 + 148686*k + 148685. What is v(-1)?
-15
Let t(s) = 31012*s**2 + 465184*s + 44. Calculate t(-15).
-16
Let u(h) = h**3 + 7*h**2 + 7*h - 35. What is u(-5)?
-20
Let s(z) = -z**3 + 37*z**2 - 20*z + 791. Give s(37).
51
Let n(g) = 51*g - 9980. What is n(193)?
-137
Let v(w) = w**3 + 531*w**2 + 5202*w - 4206. Give v(-521).
-38
Let z(f) = 21*f**2 + 139*f + 32. Give z(-7).
88
Let h(z) = -z**2 + 206*z + 6456. What is h(-26)?
424
Let r(i) = 6*i**3 - 30*i**2 - 63*i - 2. Determine r(-2).
-44
Let d(r) = -3672*r + 7929. What is d(2)?
585
Let q(h) = -2117*h + 336615. Give q(159).
12
Let k(q) = -20262*q - 5855675. Give k(-289).
43
Let i(l) = -2*l**2 - 2244*l - 437241. Determine i(-251).
1
Let r(j) = j**3 - 132*j**2 + 3115*j - 4. Give r(31).
-500
Let c(o) = -o**3 - 50*o**2 + 1785*o + 32762. Determine c(-69).
56
Let u(p) = -3*p**2 + 334*p - 6859. What is u(84)?
29
Let a(q) = 342*q**2 - 72*q - 69. Calculate a(-1).
345
Let j(o) = -5965*o + 5962. What is j(1)?
-3
Let y(x) = -x**3 + 68*x**2 + 20972*x + 25531. Give y(-114).
-5
Let y(w) = 5530*w + 49812. Give y(-9).
42
Let g(c) = 1987*c**2 + 54*c + 62. Give g(-1).
1995
Let i(b) = 20*b**2 + 2494*b + 9651. Calculate i(-4).
-5
Let g(y) = 7*y**2 + 45*y - 22. What is g(3)?
176
Let y(t) = -t**3 - 37*t**2 + 2740*t - 80. Give y(37).
-6
Let t(l) = -4*l**3 - 37*l**2 - 73*l + 655. What is t(-8)?
919
Let u(n) = -2*n**2 + 139366*n - 11414573. Determine u(82).
-9
Let r(g) = 5*g**2 - 154*g - 646. Calculate r(-19).
4085
Let h(p) = 6*p**3 + 3*p**2 + 52*p - 111. Calculate h(2).
53
Let v(j) = 40958*j - 163826. What is v(4)?
6
Let b(g) = 5*g**2 + 565*g + 12752. Give b(-31).
42
Let u(o) = o**2 - 23*o + 118. Determine u(16).
6
Let t(s) = -42049*s**2 - 4457192*s + 197. Give t(-106).
-15
Let k(j) = 536*j + 55815. What is k(-104)?
71
Let g(m) = 19*m**2 - 385*m - 1190. Give g(23).
6
Let h(y) = -67*y + 3230. Determine h(39).
617
Let o(d) = -d**3 - 237*d**2 - 1182*d - 10. Calculate o(-5).
100
Let d(i) = 49*i**3 + 54*i**2 - 275*i - 289. What is d(-1)?
-9
Let v(a) = a**2 - 287*a + 20851. What is v(152)?
